{"id":490,"date":"2026-01-20T20:55:46","date_gmt":"2026-01-20T20:55:46","guid":{"rendered":"https:\/\/esteiradeprojetos.com.br\/binadvogados\/?page_id=490"},"modified":"2026-02-13T18:27:11","modified_gmt":"2026-02-13T18:27:11","slug":"direito-medico-e-da-saude","status":"publish","type":"page","link":"https:\/\/esteiradeprojetos.com.br\/binadvogados\/direito-medico-e-da-saude\/","title":{"rendered":"Direito M\u00e9dico e da Sa\u00fade"},"content":{"rendered":"\t\t<div data-elementor-type=\"wp-page\" data-elementor-id=\"490\" class=\"elementor elementor-490\" data-elementor-post-type=\"page\">\n\t\t\t\t<div class=\"elementor-element elementor-element-f8486f9 e-flex e-con-boxed e-con e-parent\" data-id=\"f8486f9\" data-element_type=\"container\" data-e-type=\"container\" data-settings=\"{&quot;background_background&quot;:&quot;classic&quot;}\">\n\t\t\t\t\t<div class=\"e-con-inner\">\n\t\t\t\t<div class=\"elementor-element elementor-element-fde0f52 elementor-widget elementor-widget-heading\" data-id=\"fde0f52\" data-element_type=\"widget\" data-e-type=\"widget\" data-widget_type=\"heading.default\">\n\t\t\t\t\t<h2 class=\"elementor-heading-title elementor-size-default\">DIREITO M\u00c9DICO E DA SA\u00daDE<\/h2>\t\t\t\t<\/div>\n\t\t\t\t<div class=\"elementor-element elementor-element-f612b47 elementor-widget-divider--view-line elementor-widget elementor-widget-divider\" data-id=\"f612b47\" data-element_type=\"widget\" data-e-type=\"widget\" data-widget_type=\"divider.default\">\n\t\t\t\t\t\t\t<div class=\"elementor-divider\">\n\t\t\t<span class=\"elementor-divider-separator\">\n\t\t\t\t\t\t<\/span>\n\t\t<\/div>\n\t\t\t\t\t\t<\/div>\n\t\t\t\t\t<\/div>\n\t\t\t\t<\/div>\n\t\t<div class=\"elementor-element elementor-element-a7b0672 e-flex e-con-boxed e-con e-parent\" data-id=\"a7b0672\" data-element_type=\"container\" data-e-type=\"container\" data-settings=\"{&quot;background_background&quot;:&quot;classic&quot;}\">\n\t\t\t\t\t<div class=\"e-con-inner\">\n\t\t<div class=\"elementor-element elementor-element-39122b0 e-con-full e-flex e-con e-child\" data-id=\"39122b0\" data-element_type=\"container\" data-e-type=\"container\" data-settings=\"{&quot;background_background&quot;:&quot;classic&quot;}\">\n\t\t<div class=\"elementor-element elementor-element-c4f52dc e-con-full e-flex e-con e-child\" data-id=\"c4f52dc\" data-element_type=\"container\" data-e-type=\"container\">\n\t\t\t\t<div class=\"elementor-element elementor-element-dcdb763 elementor-widget elementor-widget-heading\" data-id=\"dcdb763\" data-element_type=\"widget\" data-e-type=\"widget\" data-widget_type=\"heading.default\">\n\t\t\t\t\t<h2 class=\"elementor-heading-title elementor-size-default\">Contencioso\n<\/h2>\t\t\t\t<\/div>\n\t\t\t\t<div class=\"elementor-element elementor-element-c4663a6 elementor-widget-divider--view-line elementor-widget elementor-widget-divider\" data-id=\"c4663a6\" data-element_type=\"widget\" data-e-type=\"widget\" data-widget_type=\"divider.default\">\n\t\t\t\t\t\t\t<div class=\"elementor-divider\">\n\t\t\t<span class=\"elementor-divider-separator\">\n\t\t\t\t\t\t<\/span>\n\t\t<\/div>\n\t\t\t\t\t\t<\/div>\n\t\t\t\t<div class=\"elementor-element elementor-element-80668e2 elementor-widget elementor-widget-text-editor\" data-id=\"80668e2\" data-element_type=\"widget\" data-e-type=\"widget\" data-widget_type=\"text-editor.default\">\n\t\t\t\t\t\t\t\t\t<p>&#8211; Atua\u00e7\u00e3o em todas as esferas do Judici\u00e1rio, com foco na \u00e1rea da sa\u00fade, tanto na defesa de profissionais e institui\u00e7\u00f5es, quanto na representa\u00e7\u00e3o de pacientes.<\/p><p>\u2013 Ajuizamento e defesa em a\u00e7\u00f5es de cooperativas, m\u00e9dicos e profissionais da \u00e1rea da sa\u00fade<\/p><p>\u00a0\u2013 An\u00e1lise e preven\u00e7\u00e3o de riscos jur\u00eddicos, baseado em jurimetria\u00a0<\/p><p>\u2013 Acompanhamento de processos judiciais perante a Justi\u00e7a do Trabalho<\/p><p>\u00a0\u2013 Defesas em processos administrativos \u2013 PROCON, ANVISA, ANS, REEITA<br \/>FEDERAL<\/p><p>\u2013 Defesa de processos \u00e9ticos disciplinares nos conselhos profissionais CRM,<br \/>CFM\u00a0<\/p>\t\t\t\t\t\t\t\t<\/div>\n\t\t\t\t<div class=\"elementor-element elementor-element-2827748 elementor-widget elementor-widget-heading\" data-id=\"2827748\" data-element_type=\"widget\" data-e-type=\"widget\" data-widget_type=\"heading.default\">\n\t\t\t\t\t<h2 class=\"elementor-heading-title elementor-size-default\">Consultivo<\/h2>\t\t\t\t<\/div>\n\t\t\t\t<div class=\"elementor-element elementor-element-be7c12b elementor-widget elementor-widget-heading\" data-id=\"be7c12b\" data-element_type=\"widget\" data-e-type=\"widget\" data-widget_type=\"heading.default\">\n\t\t\t\t\t<h2 class=\"elementor-heading-title elementor-size-default\">formula\u00e7\u00e3o de termos e contratos com pacientes.<\/h2>\t\t\t\t<\/div>\n\t\t\t\t<div class=\"elementor-element elementor-element-2b10bc6 elementor-widget-divider--view-line elementor-widget elementor-widget-divider\" data-id=\"2b10bc6\" data-element_type=\"widget\" data-e-type=\"widget\" data-widget_type=\"divider.default\">\n\t\t\t\t\t\t\t<div class=\"elementor-divider\">\n\t\t\t<span class=\"elementor-divider-separator\">\n\t\t\t\t\t\t<\/span>\n\t\t<\/div>\n\t\t\t\t\t\t<\/div>\n\t\t\t\t<div class=\"elementor-element elementor-element-4a7f6a4 elementor-widget elementor-widget-text-editor\" data-id=\"4a7f6a4\" data-element_type=\"widget\" data-e-type=\"widget\" data-widget_type=\"text-editor.default\">\n\t\t\t\t\t\t\t\t\t<p>\u2013 An\u00e1lise dos riscos inerentes as atividades de Operadores de Planos de Sa\u00fade, \u00e1rea m\u00e9dica e profissionais da \u00e1rea da sa\u00fade\u00a0<\/p><p>\u2013 Planejamento tribut\u00e1rio na \u00e1rea m\u00e9dica e da sa\u00fade<\/p><p>\u00a0\u2013 Atua\u00e7\u00e3o administrativa perante os \u00f3rg\u00e3o regulat\u00f3rios e entidades de classe<\/p><p>\u00a0\u2013 Orienta\u00e7\u00e3o preventiva nas \u00e1reas Regulat\u00f3ria e Tribut\u00e1ria<\/p><p>\u00a0\u2013 Esclarecimento de normas correlatas \u00e0 \u00e1rea da administra\u00e7\u00e3o direta e indireta e dos conselhos nacionais e regionais<\/p><p>\u00a0\u2013 An\u00e1lise de risco em demandas judiciais e extrajudiciais identifica\u00e7\u00e3o de oportunidades<\/p>\t\t\t\t\t\t\t\t<\/div>\n\t\t\t\t<\/div>\n\t\t<div class=\"elementor-element elementor-element-217953e e-con-full e-flex e-con e-child\" data-id=\"217953e\" data-element_type=\"container\" data-e-type=\"container\" data-settings=\"{&quot;background_background&quot;:&quot;classic&quot;}\">\n\t\t\t\t<div class=\"elementor-element elementor-element-f07c681 elementor-widget elementor-widget-image\" data-id=\"f07c681\" data-element_type=\"widget\" data-e-type=\"widget\" data-widget_type=\"image.default\">\n\t\t\t\t\t\t\t\t\t\t\t\t\t\t\t<img fetchpriority=\"high\" decoding=\"async\" width=\"800\" height=\"900\" src=\"https:\/\/esteiradeprojetos.com.br\/binadvogados\/wp-content\/uploads\/2026\/02\/Inspiradoras-60.png\" class=\"attachment-large size-large wp-image-847\" alt=\"\" srcset=\"https:\/\/esteiradeprojetos.com.br\/binadvogados\/wp-content\/uploads\/2026\/02\/Inspiradoras-60.png 800w, https:\/\/esteiradeprojetos.com.br\/binadvogados\/wp-content\/uploads\/2026\/02\/Inspiradoras-60-267x300.png 267w, https:\/\/esteiradeprojetos.com.br\/binadvogados\/wp-content\/uploads\/2026\/02\/Inspiradoras-60-768x864.png 768w\" sizes=\"(max-width: 800px) 100vw, 800px\" \/>\t\t\t\t\t\t\t\t\t\t\t\t\t\t\t<\/div>\n\t\t\t\t<\/div>\n\t\t\t\t<\/div>\n\t\t\t\t\t<\/div>\n\t\t\t\t<\/div>\n\t\t<div class=\"elementor-element elementor-element-8fa22e3 e-flex e-con-boxed e-con e-parent\" data-id=\"8fa22e3\" data-element_type=\"container\" data-e-type=\"container\" data-settings=\"{&quot;background_background&quot;:&quot;classic&quot;}\">\n\t\t\t\t\t<div class=\"e-con-inner\">\n\t\t\t\t<div class=\"elementor-element elementor-element-c2f84af elementor-widget elementor-widget-heading\" data-id=\"c2f84af\" data-element_type=\"widget\" data-e-type=\"widget\" data-widget_type=\"heading.default\">\n\t\t\t\t\t<h2 class=\"elementor-heading-title elementor-size-default\">Elabora\u00e7\u00e3o e an\u00e1lise de contratos comerciais<\/h2>\t\t\t\t<\/div>\n\t\t\t\t<div class=\"elementor-element elementor-element-9a968c7 elementor-widget-divider--view-line elementor-widget elementor-widget-divider\" data-id=\"9a968c7\" data-element_type=\"widget\" data-e-type=\"widget\" data-widget_type=\"divider.default\">\n\t\t\t\t\t\t\t<div class=\"elementor-divider\">\n\t\t\t<span class=\"elementor-divider-separator\">\n\t\t\t\t\t\t<\/span>\n\t\t<\/div>\n\t\t\t\t\t\t<\/div>\n\t\t\t\t<div class=\"elementor-element elementor-element-15cda17 elementor-widget elementor-widget-text-editor\" data-id=\"15cda17\" data-element_type=\"widget\" data-e-type=\"widget\" data-widget_type=\"text-editor.default\">\n\t\t\t\t\t\t\t\t\t<p>\u2013 Consultoria em contratos internacionais<\/p><p>\u2013\u00a0 Planejamento de opera\u00e7\u00f5es comerciais internacionais<\/p><p>\u2013\u00a0 Compliance e \u00e9tica healthcare<\/p><p>\u2013\u00a0 Estrutura\u00e7\u00e3o\/revis\u00e3o de projetos empresariais (p\u00fabicos ou privados) na \u00e1rea<br \/>de sa\u00fade<\/p><p>\u2013\u00a0 Implanta\u00e7\u00e3o de investimentos estrangeiros em filiais e subsidi\u00e1rias no Brasil<\/p>\t\t\t\t\t\t\t\t<\/div>\n\t\t\t\t\t<\/div>\n\t\t\t\t<\/div>\n\t\t\t\t<\/div>\n\t\t","protected":false},"excerpt":{"rendered":"<p>DIREITO M\u00c9DICO E DA SA\u00daDE Contencioso &#8211; Atua\u00e7\u00e3o em todas as esferas do Judici\u00e1rio, com foco na \u00e1rea da sa\u00fade, tanto na defesa de profissionais e institui\u00e7\u00f5es, quanto na representa\u00e7\u00e3o de pacientes. \u2013 Ajuizamento e defesa em a\u00e7\u00f5es de cooperativas, m\u00e9dicos e profissionais da \u00e1rea da sa\u00fade \u00a0\u2013 An\u00e1lise e preven\u00e7\u00e3o de riscos jur\u00eddicos, baseado [&hellip;]<\/p>\n","protected":false},"author":1,"featured_media":0,"parent":0,"menu_order":0,"comment_status":"closed","ping_status":"closed","template":"","meta":{"footnotes":""},"class_list":["post-490","page","type-page","status-publish","hentry"],"_hostinger_reach_plugin_has_subscription_block":false,"_hostinger_reach_plugin_is_elementor":false,"_links":{"self":[{"href":"https:\/\/esteiradeprojetos.com.br\/binadvogados\/wp-json\/wp\/v2\/pages\/490","targetHints":{"allow":["GET"]}}],"collection":[{"href":"https:\/\/esteiradeprojetos.com.br\/binadvogados\/wp-json\/wp\/v2\/pages"}],"about":[{"href":"https:\/\/esteiradeprojetos.com.br\/binadvogados\/wp-json\/wp\/v2\/types\/page"}],"author":[{"embeddable":true,"href":"https:\/\/esteiradeprojetos.com.br\/binadvogados\/wp-json\/wp\/v2\/users\/1"}],"replies":[{"embeddable":true,"href":"https:\/\/esteiradeprojetos.com.br\/binadvogados\/wp-json\/wp\/v2\/comments?post=490"}],"version-history":[{"count":34,"href":"https:\/\/esteiradeprojetos.com.br\/binadvogados\/wp-json\/wp\/v2\/pages\/490\/revisions"}],"predecessor-version":[{"id":998,"href":"https:\/\/esteiradeprojetos.com.br\/binadvogados\/wp-json\/wp\/v2\/pages\/490\/revisions\/998"}],"wp:attachment":[{"href":"https:\/\/esteiradeprojetos.com.br\/binadvogados\/wp-json\/wp\/v2\/media?parent=490"}],"curies":[{"name":"wp","href":"https:\/\/api.w.org\/{rel}","templated":true}]}}