{"id":437,"date":"2026-01-20T19:22:03","date_gmt":"2026-01-20T19:22:03","guid":{"rendered":"https:\/\/esteiradeprojetos.com.br\/binadvogados\/?page_id=437"},"modified":"2026-02-13T17:52:16","modified_gmt":"2026-02-13T17:52:16","slug":"familia-e-sucessoes","status":"publish","type":"page","link":"https:\/\/esteiradeprojetos.com.br\/binadvogados\/familia-e-sucessoes\/","title":{"rendered":"Fam\u00edlia e sucess\u00f5es"},"content":{"rendered":"\t\t<div data-elementor-type=\"wp-page\" data-elementor-id=\"437\" class=\"elementor elementor-437\" data-elementor-post-type=\"page\">\n\t\t\t\t<div class=\"elementor-element elementor-element-f8486f9 e-flex e-con-boxed e-con e-parent\" data-id=\"f8486f9\" data-element_type=\"container\" data-e-type=\"container\" data-settings=\"{&quot;background_background&quot;:&quot;classic&quot;}\">\n\t\t\t\t\t<div class=\"e-con-inner\">\n\t\t\t\t<div class=\"elementor-element elementor-element-fde0f52 elementor-widget elementor-widget-heading\" data-id=\"fde0f52\" data-element_type=\"widget\" data-e-type=\"widget\" data-widget_type=\"heading.default\">\n\t\t\t\t\t<h2 class=\"elementor-heading-title elementor-size-default\">FAM\u00cdLIA E SUCESS\u00d5ES<\/h2>\t\t\t\t<\/div>\n\t\t\t\t<div class=\"elementor-element elementor-element-f612b47 elementor-widget-divider--view-line elementor-widget elementor-widget-divider\" data-id=\"f612b47\" data-element_type=\"widget\" data-e-type=\"widget\" data-widget_type=\"divider.default\">\n\t\t\t\t\t\t\t<div class=\"elementor-divider\">\n\t\t\t<span class=\"elementor-divider-separator\">\n\t\t\t\t\t\t<\/span>\n\t\t<\/div>\n\t\t\t\t\t\t<\/div>\n\t\t\t\t\t<\/div>\n\t\t\t\t<\/div>\n\t\t<div class=\"elementor-element elementor-element-a7b0672 e-flex e-con-boxed e-con e-parent\" data-id=\"a7b0672\" data-element_type=\"container\" data-e-type=\"container\" data-settings=\"{&quot;background_background&quot;:&quot;classic&quot;}\">\n\t\t\t\t\t<div class=\"e-con-inner\">\n\t\t<div class=\"elementor-element elementor-element-39122b0 e-con-full e-flex e-con e-child\" data-id=\"39122b0\" data-element_type=\"container\" data-e-type=\"container\" data-settings=\"{&quot;background_background&quot;:&quot;classic&quot;}\">\n\t\t<div class=\"elementor-element elementor-element-c4f52dc e-con-full e-flex e-con e-child\" data-id=\"c4f52dc\" data-element_type=\"container\" data-e-type=\"container\">\n\t\t\t\t<div class=\"elementor-element elementor-element-dbedfa8 elementor-widget elementor-widget-text-editor\" data-id=\"dbedfa8\" data-element_type=\"widget\" data-e-type=\"widget\" data-widget_type=\"text-editor.default\">\n\t\t\t\t\t\t\t\t\t<p>Atua\u00e7\u00e3o nas esferas judicial e extrajudicial, no \u00e2mbito consensual, buscando a preven\u00e7\u00e3o e a resolu\u00e7\u00e3o dos conflitos, de modo a garantir os interesses do cliente, evitando lit\u00edgios desgastantes e arriscados.<\/p><p>Orienta\u00e7\u00e3o e estudo sobre a escolha de regime de bens do casamento, al\u00e9m da elabora\u00e7\u00e3o de contratos de Uni\u00e3o Est\u00e1vel e elabora\u00e7\u00e3o de documentos antenupcial e p\u00f3s-nupcial, indicando o melhor caminho de acordo com as prefer\u00eancias e individualidades dos nossos clientes.<\/p><p>No litigioso, demandamos na defesa dos direitos de nossos clientes, garantindo que o conflito se resolva da forma menos danosa, como por exemplo, em a\u00e7\u00f5es de guarda, direito de visitas, partilha de bens, reconhecimento de paternidade, tutela e curatela e medidas cautelares em geral.<\/p><p>Ressaltamos que em toda as a\u00e7\u00f5es de Direito de Fam\u00edlia, prezamos pelo sigilo e respeito as necessidades dos nossos clientes.<\/p><p>Na mat\u00e9ria de sucess\u00f5es, orientamos nossos clientes no planejamento da sucess\u00e3o, assim como atuamos na elabora\u00e7\u00e3o de testamentos, invent\u00e1rios judiciais e extrajudiciais, arrolamentos e qualquer outro lit\u00edgio que envolva mat\u00e9ria sucess\u00f3ria, como por exemplo retifica\u00e7\u00e3o de registros, alvar\u00e1s, doa\u00e7\u00f5es, testamentos, entre outros.<\/p>\t\t\t\t\t\t\t\t<\/div>\n\t\t\t\t<\/div>\n\t\t<div class=\"elementor-element elementor-element-217953e e-con-full e-flex e-con e-child\" data-id=\"217953e\" data-element_type=\"container\" data-e-type=\"container\" data-settings=\"{&quot;background_background&quot;:&quot;classic&quot;}\">\n\t\t\t\t<div class=\"elementor-element elementor-element-f07c681 elementor-widget elementor-widget-image\" data-id=\"f07c681\" data-element_type=\"widget\" data-e-type=\"widget\" data-widget_type=\"image.default\">\n\t\t\t\t\t\t\t\t\t\t\t\t\t\t\t<img fetchpriority=\"high\" decoding=\"async\" width=\"800\" height=\"900\" src=\"https:\/\/esteiradeprojetos.com.br\/binadvogados\/wp-content\/uploads\/2026\/02\/Inspiradoras.png\" class=\"attachment-large size-large wp-image-985\" alt=\"\" srcset=\"https:\/\/esteiradeprojetos.com.br\/binadvogados\/wp-content\/uploads\/2026\/02\/Inspiradoras.png 800w, https:\/\/esteiradeprojetos.com.br\/binadvogados\/wp-content\/uploads\/2026\/02\/Inspiradoras-267x300.png 267w, https:\/\/esteiradeprojetos.com.br\/binadvogados\/wp-content\/uploads\/2026\/02\/Inspiradoras-768x864.png 768w\" sizes=\"(max-width: 800px) 100vw, 800px\" \/>\t\t\t\t\t\t\t\t\t\t\t\t\t\t\t<\/div>\n\t\t\t\t<\/div>\n\t\t\t\t<\/div>\n\t\t\t\t\t<\/div>\n\t\t\t\t<\/div>\n\t\t\t\t<\/div>\n\t\t","protected":false},"excerpt":{"rendered":"<p>FAM\u00cdLIA E SUCESS\u00d5ES Atua\u00e7\u00e3o nas esferas judicial e extrajudicial, no \u00e2mbito consensual, buscando a preven\u00e7\u00e3o e a resolu\u00e7\u00e3o dos conflitos, de modo a garantir os interesses do cliente, evitando lit\u00edgios desgastantes e arriscados. Orienta\u00e7\u00e3o e estudo sobre a escolha de regime de bens do casamento, al\u00e9m da elabora\u00e7\u00e3o de contratos de Uni\u00e3o Est\u00e1vel e elabora\u00e7\u00e3o [&hellip;]<\/p>\n","protected":false},"author":1,"featured_media":0,"parent":0,"menu_order":0,"comment_status":"closed","ping_status":"closed","template":"","meta":{"footnotes":""},"class_list":["post-437","page","type-page","status-publish","hentry"],"_hostinger_reach_plugin_has_subscription_block":false,"_hostinger_reach_plugin_is_elementor":false,"_links":{"self":[{"href":"https:\/\/esteiradeprojetos.com.br\/binadvogados\/wp-json\/wp\/v2\/pages\/437","targetHints":{"allow":["GET"]}}],"collection":[{"href":"https:\/\/esteiradeprojetos.com.br\/binadvogados\/wp-json\/wp\/v2\/pages"}],"about":[{"href":"https:\/\/esteiradeprojetos.com.br\/binadvogados\/wp-json\/wp\/v2\/types\/page"}],"author":[{"embeddable":true,"href":"https:\/\/esteiradeprojetos.com.br\/binadvogados\/wp-json\/wp\/v2\/users\/1"}],"replies":[{"embeddable":true,"href":"https:\/\/esteiradeprojetos.com.br\/binadvogados\/wp-json\/wp\/v2\/comments?post=437"}],"version-history":[{"count":31,"href":"https:\/\/esteiradeprojetos.com.br\/binadvogados\/wp-json\/wp\/v2\/pages\/437\/revisions"}],"predecessor-version":[{"id":988,"href":"https:\/\/esteiradeprojetos.com.br\/binadvogados\/wp-json\/wp\/v2\/pages\/437\/revisions\/988"}],"wp:attachment":[{"href":"https:\/\/esteiradeprojetos.com.br\/binadvogados\/wp-json\/wp\/v2\/media?parent=437"}],"curies":[{"name":"wp","href":"https:\/\/api.w.org\/{rel}","templated":true}]}}